{"id":1055,"date":"2021-02-04T18:07:55","date_gmt":"2021-02-04T17:07:55","guid":{"rendered":"http:\/\/circuitfrancobelge.com\/2.0\/?page_id=1055"},"modified":"2022-07-17T13:06:42","modified_gmt":"2022-07-17T11:06:42","slug":"eurometropole-tour-2021","status":"publish","type":"page","link":"https:\/\/circuitfrancobelge.com\/index.php\/eurometropole-tour-2021\/","title":{"rendered":"Eurom\u00e9tropole Tour 2021"},"content":{"rendered":"<h1>Edition 2021<\/h1>\n<p><strong>EUROMETROPOLE TOUR, RENDEZ-VOUS LE 29 SEPTEMBRE !<\/strong><\/p>\n<p><strong>Apr\u00e8s son annulation en 2020 pour cause de pand\u00e9mie, l\u2019Eurom\u00e9tropole Tour aura lieu le mercredi 29 septembre prochain. Une \u00e9dition tr\u00e8s attendue par les passionn\u00e9s de cyclisme !&nbsp;<\/strong><\/p>\n<p>80e \u00e9dition, ou plut\u00f4t la 81e d\u2019une des plus anciennes courses de Belgique ! Apr\u00e8s plusieurs dates envisag\u00e9es, c\u2019est le <strong>29 septembre<\/strong> qui a \u00e9t\u00e9 choisi par <strong>Louis Cousaert<\/strong> et son <strong>\u00e9quipe d\u2019organisation du Cazeau P\u00e9dale Templeuve<\/strong>. \u00ab\u00a0Un retour a une date plus traditionnelle ! Au vu de la pand\u00e9mie et d\u2019un calendrier 2021 qui risque une nouvelle fois d\u2019\u00e9voluer, c\u2019est un excellent choix.\u00a0\u00bb<\/p>\n<p>Ce changement a pour finalit\u00e9 d\u2019avoir le plus beau plateau possible avec en t\u00eate les \u00e9quipes Deceuninck-Quick-Step et Lotto Soudal ainsi que d\u2019autres formations World Tour accompagn\u00e9es par des Continentales Pro\u2026 <strong>L\u2019\u00e9preuve se d\u00e9roulera une semaine apr\u00e8s les championnats du monde qui se d\u00e9rouleront \u00e0 Louvain le 26 septembre.<\/strong> Apr\u00e8s <strong>Mads Pedersen<\/strong> en 2019, pourquoi pas un <strong>nouveau champion du monde au d\u00e9part de la prochaine \u00e9dition ?<\/strong><\/p>\n<p>En 2019, le vainqueur est <strong>Piet Allegaert<\/strong>, aujourd\u2019hui chez Cofidis et \u00e0 l\u2019\u00e9poque chez Sport Vlaanderen-Baloise. Le Fran\u00e7ais Florian S\u00e9n\u00e9chal se classe second devant un autre Belge Jasper Stuyven.<\/p>\n<p>C\u2019est la 80\u00e8me \u00e9dition d\u2019une \u00e9preuve qui a d\u00e9but\u00e9 en 1924 par la victoire du coureur fran\u00e7ais Julien Perrain. Le premier coureur belge \u00e0 gagner sera Julien Vervaecke. Tout au long de son histoire, elle a eu diff\u00e9rentes appellations : le circuit franco-belge (jusqu\u2019en 2010), le Tour de Wallonie picarde (en 2011) puis l\u2019Eurom\u00e9tropole Tour depuis 2010. En 2020, elle int\u00e8gre l\u2019UCI Pro Series.<\/p>\n<p>De nombreux grands noms de l\u2019histoire du cyclisme ont remport\u00e9 l\u2019Eurom\u00e9tropole Tour. Parmi, les grands vainqueurs notons : <strong>Rudy Dhaenens<\/strong> (1977), <strong>Viatcheslav Ekimov<\/strong> (1989), <strong>Mario Aerts<\/strong> (1997), <strong>Daniele Nardello<\/strong> (2000), <strong>Robbie McEwen<\/strong> (2002 et 2011), <strong>Juan Antonie Flecha<\/strong> (2008), <strong>Arnaud D\u00e9mare<\/strong> (2014), <strong>Dylan Groenewegen<\/strong> (2016) et <strong>Mads Pedersen<\/strong> en 2018. <strong>Tom Boonen<\/strong> figure aussi \u00e0 son palmar\u00e8s avec deux \u00e9tapes en 2008 et 2009.<\/p>\n<p>Qui succ\u00e9dera \u00e0 <strong>Piet Allegaert<\/strong> \u00e0 Tournai ?<\/p>\n<p>R\u00e9ponse le 29 septembre prochain vers 17h\u2026<\/p>\n<p><img decoding=\"async\" width=\"750\" height=\"484\" src=\"https:\/\/circuitfrancobelge.com\/wp-content\/uploads\/2021\/07\/EMT2021-1024x661.png\" alt=\"\" loading=\"lazy\" srcset=\"https:\/\/circuitfrancobelge.com\/wp-content\/uploads\/2021\/07\/EMT2021-1024x661.png 1024w, https:\/\/circuitfrancobelge.com\/wp-content\/uploads\/2021\/07\/EMT2021-300x194.png 300w, https:\/\/circuitfrancobelge.com\/wp-content\/uploads\/2021\/07\/EMT2021-768x496.png 768w, https:\/\/circuitfrancobelge.com\/wp-content\/uploads\/2021\/07\/EMT2021.png 1362w\" sizes=\"auto, (max-width: 750px) 100vw, 750px\"><\/p>\n<h2>Le parcours 2021<\/h2>\n<p>Comme chaque ann\u00e9e le Royal Cazeau P\u00e9dal a travaill\u00e9 d&rsquo;arrache pied afin de proposer aux coureurs ainsi qu&rsquo;aux t\u00e9l\u00e9spectateurs un parcours de qualit\u00e9.&nbsp;<\/p>\n<p><a href=\"https:\/\/circuitfrancobelge.com\/index.php\/parcours\/\" role=\"button\"><br \/>\nEn savoir plus<br \/>\n<\/a><br \/>\n<img decoding=\"async\" width=\"750\" height=\"500\" src=\"https:\/\/circuitfrancobelge.com\/wp-content\/uploads\/2021\/01\/EMT2019_PresentationDesEquipes-58.jpg\" alt=\"\" loading=\"lazy\" srcset=\"https:\/\/circuitfrancobelge.com\/wp-content\/uploads\/2021\/01\/EMT2019_PresentationDesEquipes-58.jpg 1024w, https:\/\/circuitfrancobelge.com\/wp-content\/uploads\/2021\/01\/EMT2019_PresentationDesEquipes-58-300x200.jpg 300w, https:\/\/circuitfrancobelge.com\/wp-content\/uploads\/2021\/01\/EMT2019_PresentationDesEquipes-58-768x512.jpg 768w, https:\/\/circuitfrancobelge.com\/wp-content\/uploads\/2021\/01\/EMT2019_PresentationDesEquipes-58-360x240.jpg 360w\" sizes=\"auto, (max-width: 750px) 100vw, 750px\"><\/p>\n<h2>Les \u00e9quipes<\/h2>\n<p>Fort de sa renomm\u00e9 l&rsquo;Eurom\u00e9tropole Tour a la chance d&rsquo;avoir sur la ligne de d\u00e9part un plateau de la plus haute qualit\u00e9.&nbsp;<\/p>\n<p><a href=\"https:\/\/circuitfrancobelge.com\/index.php\/teams\/\" role=\"button\"><br \/>\nEn savoir plus<br \/>\n<\/a><br \/>\n<img decoding=\"async\" width=\"750\" height=\"500\" src=\"https:\/\/circuitfrancobelge.com\/wp-content\/uploads\/2021\/01\/EMT2019_PresentationDesEquipes-30.jpg\" alt=\"\" loading=\"lazy\" srcset=\"https:\/\/circuitfrancobelge.com\/wp-content\/uploads\/2021\/01\/EMT2019_PresentationDesEquipes-30.jpg 1024w, https:\/\/circuitfrancobelge.com\/wp-content\/uploads\/2021\/01\/EMT2019_PresentationDesEquipes-30-300x200.jpg 300w, https:\/\/circuitfrancobelge.com\/wp-content\/uploads\/2021\/01\/EMT2019_PresentationDesEquipes-30-768x512.jpg 768w, https:\/\/circuitfrancobelge.com\/wp-content\/uploads\/2021\/01\/EMT2019_PresentationDesEquipes-30-360x240.jpg 360w\" sizes=\"auto, (max-width: 750px) 100vw, 750px\"><\/p>\n<h2>Espace presse<\/h2>\n<p>Vous \u00eates journaliste et vous souhaitez couvrir la course ? Ne tardez pas et faites votre demande d&rsquo;accr\u00e9ditation aupr\u00e8s de notre responsable presse.&nbsp;<\/p>\n<p><a href=\"https:\/\/circuitfrancobelge.com\/index.php\/presse\/\" role=\"button\"><br \/>\nEn savoir plus<br \/>\n<\/a><\/p>\n","protected":false},"excerpt":{"rendered":"<p>Edition 2021 EUROMETROPOLE TOUR, RENDEZ-VOUS LE 29 SEPTEMBRE ! Apr\u00e8s son annulation en 2020 pour cause de pand\u00e9mie, l\u2019Eurom\u00e9tropole Tour aura lieu le mercredi 29 septembre prochain. Une \u00e9dition tr\u00e8s attendue par les passionn\u00e9s de cyclisme !&nbsp; 80e \u00e9dition, ou plut\u00f4t la 81e d\u2019une des plus anciennes courses de Belgique ! Apr\u00e8s plusieurs dates envisag\u00e9es, &hellip;<\/p>\n<p class=\"read-more\"> <a class=\"\" href=\"https:\/\/circuitfrancobelge.com\/index.php\/eurometropole-tour-2021\/\"> <span class=\"screen-reader-text\">Eurom\u00e9tropole Tour 2021<\/span> Lire la suite\u00a0\u00bb<\/a><\/p>\n","protected":false},"author":1,"featured_media":0,"parent":0,"menu_order":0,"comment_status":"closed","ping_status":"closed","template":"page-templates\/template-pagebuilder-full-width.php","meta":{"site-sidebar-layout":"default","site-content-layout":"default","ast-global-header-display":"","ast-main-header-display":"","ast-hfb-above-header-display":"","ast-hfb-below-header-display":"","ast-hfb-mobile-header-display":"","site-post-title":"","ast-breadcrumbs-content":"","ast-featured-img":"","footer-sml-layout":"","theme-transparent-header-meta":"","adv-header-id-meta":"","stick-header-meta":"","header-above-stick-meta":"","header-main-stick-meta":"","header-below-stick-meta":"","pgc_sgb_lightbox_settings":"","footnotes":""},"class_list":["post-1055","page","type-page","status-publish","hentry"],"_links":{"self":[{"href":"https:\/\/circuitfrancobelge.com\/index.php\/wp-json\/wp\/v2\/pages\/1055","targetHints":{"allow":["GET"]}}],"collection":[{"href":"https:\/\/circuitfrancobelge.com\/index.php\/wp-json\/wp\/v2\/pages"}],"about":[{"href":"https:\/\/circuitfrancobelge.com\/index.php\/wp-json\/wp\/v2\/types\/page"}],"author":[{"embeddable":true,"href":"https:\/\/circuitfrancobelge.com\/index.php\/wp-json\/wp\/v2\/users\/1"}],"replies":[{"embeddable":true,"href":"https:\/\/circuitfrancobelge.com\/index.php\/wp-json\/wp\/v2\/comments?post=1055"}],"version-history":[{"count":80,"href":"https:\/\/circuitfrancobelge.com\/index.php\/wp-json\/wp\/v2\/pages\/1055\/revisions"}],"predecessor-version":[{"id":1906,"href":"https:\/\/circuitfrancobelge.com\/index.php\/wp-json\/wp\/v2\/pages\/1055\/revisions\/1906"}],"wp:attachment":[{"href":"https:\/\/circuitfrancobelge.com\/index.php\/wp-json\/wp\/v2\/media?parent=1055"}],"curies":[{"name":"wp","href":"https:\/\/api.w.org\/{rel}","templated":true}]}}